{"id":10905,"date":"2022-10-27T13:40:53","date_gmt":"2022-10-27T13:40:53","guid":{"rendered":"https:\/\/comfaputumayo.com\/?page_id=10905"},"modified":"2022-10-27T13:40:56","modified_gmt":"2022-10-27T13:40:56","slug":"mapa-del-sitio-comfaputumayo-com","status":"publish","type":"page","link":"https:\/\/comfaputumayo.com\/demo1\/mapa-del-sitio-comfaputumayo-com\/","title":{"rendered":"Mapa del Sitio Comfaputumayo.com"},"content":{"rendered":"\n<p><strong><div class=\"wsp-container\"><h2 class=\"wsp-pages-title\">P\u00e1ginas<\/h2>\n<ul class=\"wsp-pages-list\">\n<li class=\"page_item page-item-10498\"><a href=\"https:\/\/comfaputumayo.com\/demo1\/declaracion-de-accesibilidad-de-comfamiliar-putumayo\/\">#10498 (sin t\u00edtulo)<\/a><\/li>\n<li class=\"page_item page-item-9058\"><a href=\"https:\/\/comfaputumayo.com\/demo1\/afiliacion\/\">Afiliaci\u00f3n<\/a><\/li>\n<li class=\"page_item page-item-3121\"><a href=\"https:\/\/comfaputumayo.com\/demo1\/agencia-de-empleo\/\">AGENCIA DE EMPLEO<\/a><\/li>\n<li class=\"page_item page-item-1614\"><a href=\"https:\/\/comfaputumayo.com\/demo1\/agencia-de-viajes\/\">AGENCIA DE VIAJES<\/a><\/li>\n<li class=\"page_item page-item-12496\"><a href=\"https:\/\/comfaputumayo.com\/demo1\/atencion-y-servicios-a-la-ciudadania\/\">Atenci\u00f3n y servicios a la Ciudadan\u00eda<\/a><\/li>\n<li class=\"page_item page-item-8108\"><a href=\"https:\/\/comfaputumayo.com\/demo1\/c-recreacional-2\/\">C. RECREACIONAL<\/a><\/li>\n<li class=\"page_item page-item-2730\"><a href=\"https:\/\/comfaputumayo.com\/demo1\/intiyaco\/\">C.R INTIYACO<\/a><\/li>\n<li class=\"page_item page-item-11006\"><a href=\"https:\/\/comfaputumayo.com\/demo1\/elementor-11006\/\">Calendario de Eventos Comfaputumayo<\/a><\/li>\n<li class=\"page_item page-item-9898\"><a href=\"https:\/\/comfaputumayo.com\/demo1\/centro-recreacional\/\">Centro recreacional<\/a><\/li>\n<li class=\"page_item page-item-3504\"><a href=\"https:\/\/comfaputumayo.com\/demo1\/colegio-campestre\/\">COLEGIO CAMPESTRE<\/a><\/li>\n<li class=\"page_item page-item-2519\"><a href=\"https:\/\/comfaputumayo.com\/demo1\/contac\/\">CONTACTO<\/a><\/li>\n<li class=\"page_item page-item-3053\"><a href=\"https:\/\/comfaputumayo.com\/demo1\/contratacion\/\">CONTRATACION<\/a><\/li>\n<li class=\"page_item page-item-1684\"><a href=\"https:\/\/comfaputumayo.com\/demo1\/c-recreacional\/\">CR. CENTENARIO<\/a><\/li>\n<li class=\"page_item page-item-11288\"><a href=\"https:\/\/comfaputumayo.com\/demo1\/educacion-duplicado-9880\/\">Cr\u00e9dito Social<\/a><\/li>\n<li class=\"page_item page-item-3077\"><a href=\"https:\/\/comfaputumayo.com\/demo1\/criterio-diferencial-de-accesibilidad\/\">CRITERIO DIFERENCIAL DE ACCESIBILIDAD<\/a><\/li>\n<li class=\"page_item page-item-9880\"><a href=\"https:\/\/comfaputumayo.com\/demo1\/educacion\/\">Educacion<\/a><\/li>\n<li class=\"page_item page-item-3520\"><a href=\"https:\/\/comfaputumayo.com\/demo1\/educacion-formal\/\">EDUCACI\u00d3N FORMAL<\/a><\/li>\n<li class=\"page_item page-item-3481\"><a href=\"https:\/\/comfaputumayo.com\/demo1\/educacion-informal\/\">EDUCACI\u00d3N INFORMAL<\/a><\/li>\n<li class=\"page_item page-item-6965\"><a href=\"https:\/\/comfaputumayo.com\/demo1\/elementor-6965\/\">Elementor #6965<\/a><\/li>\n<li class=\"page_item page-item-8110\"><a href=\"https:\/\/comfaputumayo.com\/demo1\/empresa\/\">EMPRESA<\/a><\/li>\n<li class=\"page_item page-item-4333\"><a href=\"https:\/\/comfaputumayo.com\/demo1\/erafsda\/\">erafsda<\/a><\/li>\n<li class=\"page_item page-item-3635\"><a href=\"https:\/\/comfaputumayo.com\/demo1\/escala-salarial\/\">ESCALA SALARIAL<\/a><\/li>\n<li class=\"page_item page-item-2976\"><a href=\"https:\/\/comfaputumayo.com\/demo1\/estructura-organica-talento\/\">Estructura Org\u00e1nica Talento H<\/a><\/li>\n<li class=\"page_item page-item-3155\"><a href=\"https:\/\/comfaputumayo.com\/demo1\/foninez\/\">FONI\u00d1EZ<\/a><\/li>\n<li class=\"page_item page-item-1722\"><a href=\"https:\/\/comfaputumayo.com\/demo1\/fosfec\/\">FOSFEC<\/a><\/li>\n<li class=\"page_item page-item-3502\"><a href=\"https:\/\/comfaputumayo.com\/demo1\/funciones\/\">FUNCIONES<\/a><\/li>\n<li class=\"page_item page-item-3654\"><a href=\"https:\/\/comfaputumayo.com\/demo1\/gestion-de-informacion-publica\/\">GESTI\u00d3N DE INFORMACI\u00d3N P\u00daBLICA<\/a><\/li>\n<li class=\"page_item page-item-13236\"><a href=\"https:\/\/comfaputumayo.com\/demo1\/gimnasiocomfamiliar\/\">GIMNASIOCOMFAMILIAR<\/a><\/li>\n<li class=\"page_item page-item-2834\"><a href=\"https:\/\/comfaputumayo.com\/demo1\/habeas-data\/\">HABEAS DATA<\/a><\/li>\n<li class=\"page_item page-item-3092\"><a href=\"https:\/\/comfaputumayo.com\/demo1\/habeas-data-3\/\">HABEAS DATA2<\/a><\/li>\n<li class=\"page_item page-item-3506\"><a href=\"https:\/\/comfaputumayo.com\/demo1\/informacion-ninos-y-ninas\/\">INFORMACI\u00d3N NI\u00d1OS Y NI\u00d1AS<\/a><\/li>\n<li class=\"page_item page-item-108\"><a href=\"https:\/\/comfaputumayo.com\/demo1\/\">inicio<\/a><\/li>\n<li class=\"page_item page-item-7686\"><a href=\"https:\/\/comfaputumayo.com\/demo1\/inicio-2\/\">inicio 2<\/a><\/li>\n<li class=\"page_item page-item-3172\"><a href=\"https:\/\/comfaputumayo.com\/demo1\/itec\/\">ITEC<\/a><\/li>\n<li class=\"page_item page-item-13826\"><a href=\"https:\/\/comfaputumayo.com\/demo1\/bdatoschatbot\/\">lista preguntas chatbot<\/a><\/li>\n<li class=\"page_item page-item-10905\"><a href=\"https:\/\/comfaputumayo.com\/demo1\/mapa-del-sitio-comfaputumayo-com\/\">Mapa del Sitio Comfaputumayo.com<\/a><\/li>\n<li class=\"page_item page-item-2905\"><a href=\"https:\/\/comfaputumayo.com\/demo1\/mecanismos-de-contacto\/\">MECANISMOS DE CONTACTO<\/a><\/li>\n<li class=\"page_item page-item-3043\"><a href=\"https:\/\/comfaputumayo.com\/demo1\/mecanismos-de-control\/\">MECANISMOS DE CONTROL<\/a><\/li>\n<li class=\"page_item page-item-2998\"><a href=\"https:\/\/comfaputumayo.com\/demo1\/normatividad\/\">Normatividad<\/a><\/li>\n<li class=\"page_item page-item-7503\"><a href=\"https:\/\/comfaputumayo.com\/demo1\/novedadessedes\/\">NovedadesSedes<\/a><\/li>\n<li class=\"page_item page-item-2583\"><a href=\"https:\/\/comfaputumayo.com\/demo1\/nuestra-empresa\/\">nuestra empresa<\/a><\/li>\n<li class=\"page_item page-item-3621\"><a href=\"https:\/\/comfaputumayo.com\/demo1\/orgamigrama\/\">ORGANIGRAMA<\/a><\/li>\n<li class=\"page_item page-item-3508\"><a href=\"https:\/\/comfaputumayo.com\/demo1\/organigrama-2\/\">ORGANIGRAMA<\/a><\/li>\n<li class=\"page_item page-item-8564\"><a href=\"https:\/\/comfaputumayo.com\/demo1\/p1\/\">p1<\/a><\/li>\n<li class=\"page_item page-item-12591\"><a href=\"https:\/\/comfaputumayo.com\/demo1\/participa\/\">Participa<\/a><\/li>\n<li class=\"page_item page-item-2314\"><a href=\"https:\/\/comfaputumayo.com\/demo1\/planeacion\/\">Planeaci\u00f3n<\/a><\/li>\n<li class=\"page_item page-item-3025\"><a href=\"https:\/\/comfaputumayo.com\/demo1\/planeacion2\/\">PLANEACION TRANSPARENCIA<\/a><\/li>\n<li class=\"page_item page-item-3135\"><a href=\"https:\/\/comfaputumayo.com\/demo1\/pqrs\/\">PQRS<\/a><\/li>\n<li class=\"page_item page-item-1598\"><a href=\"https:\/\/comfaputumayo.com\/demo1\/preguntas-frecuentes\/\">PREGUNTAS FRECUENTES<\/a><\/li>\n<li class=\"page_item page-item-2504\"><a href=\"https:\/\/comfaputumayo.com\/demo1\/preguntas-frecuentes1\/\">PREGUNTAS FRECUENTES1<\/a><\/li>\n<li class=\"page_item page-item-3012\"><a href=\"https:\/\/comfaputumayo.com\/demo1\/presupuesto\/\">PRESUPUESTO<\/a><\/li>\n<li class=\"page_item page-item-13582\"><a href=\"https:\/\/comfaputumayo.com\/demo1\/prueba-bot\/\">prueba bot<\/a><\/li>\n<li class=\"page_item page-item-3571\"><a href=\"https:\/\/comfaputumayo.com\/demo1\/recreacion-y-deporte\/\">RECREACION Y DEPORTE<\/a><\/li>\n<li class=\"page_item page-item-1498\"><a href=\"https:\/\/comfaputumayo.com\/demo1\/serviciossociales\/\">SERVICIOS SOCIALES<\/a><\/li>\n<li class=\"page_item page-item-8107\"><a href=\"https:\/\/comfaputumayo.com\/demo1\/servicios2\/\">servicios2<\/a><\/li>\n<li class=\"page_item page-item-11992\"><a href=\"https:\/\/comfaputumayo.com\/demo1\/elementor-11992\/\">SG-SST Comfaputumayo<\/a><\/li>\n<li class=\"page_item page-item-3381\"><a href=\"https:\/\/comfaputumayo.com\/demo1\/solicitud-de-informacion-publica\/\">SOLICITUD DE INFORMACI\u00d3N P\u00daBLICA<\/a><\/li>\n<li class=\"page_item page-item-1539\"><a href=\"https:\/\/comfaputumayo.com\/demo1\/subsidio\/\">SUBSIDIO<\/a><\/li>\n<li class=\"page_item page-item-5202\"><a href=\"https:\/\/comfaputumayo.com\/demo1\/tr-judiciales\/\">TR JUDICIALES<\/a><\/li>\n<li class=\"page_item page-item-3063\"><a href=\"https:\/\/comfaputumayo.com\/demo1\/tramites-y-servicios\/\">TRAMITES Y SERVICIOS<\/a><\/li>\n<li class=\"page_item page-item-12266\"><a href=\"https:\/\/comfaputumayo.com\/demo1\/transparencia-3\/\">Transparencia<\/a><\/li>\n<li class=\"page_item page-item-3429\"><a href=\"https:\/\/comfaputumayo.com\/demo1\/transparencia-2\/\">TRANSPARENCIA PASIVA<\/a><\/li>\n<li class=\"page_item page-item-12409\"><a href=\"https:\/\/comfaputumayo.com\/demo1\/transparencia-y-acceso-a-la-informacion-publica\/\">Transparencia y Acceso a la Informaci\u00f3n P\u00fablica.<\/a><\/li>\n<li class=\"page_item page-item-8111\"><a href=\"https:\/\/comfaputumayo.com\/demo1\/uis-2\/\">UIS<\/a><\/li>\n<li class=\"page_item page-item-2537\"><a href=\"https:\/\/comfaputumayo.com\/demo1\/uis\/\">UIS<\/a><\/li>\n<li class=\"page_item page-item-3181\"><a href=\"https:\/\/comfaputumayo.com\/demo1\/vivienda\/\">VIVIENDA<\/a><\/li>\n<\/ul>\n<h2 class=\"wsp-posts-title\">Posts por categor\u00eda<\/h2>\n<ul class=\"wsp-posts-list\">\n\t<li><strong class=\"wsp-category-title\">Category: <a href=\"https:\/\/comfaputumayo.com\/demo1\/category\/sin-categoria\/\">Sin categor\u00eda<\/a><\/strong>\n<ul class=\"wsp-posts-list\">\t\t<li class=\"wsp-post\"><a href=\"https:\/\/comfaputumayo.com\/demo1\/certificado-de-accesibilidad\/\">Certificado de Accesibilidad<\/a><\/li>\n<\/ul><\/li>\n<\/ul>\n<\/div><\/strong><\/p>\n","protected":false},"excerpt":{"rendered":"","protected":false},"author":1,"featured_media":0,"parent":0,"menu_order":0,"comment_status":"closed","ping_status":"closed","template":"","meta":{"_coblocks_attr":"","_coblocks_dimensions":"","_coblocks_responsive_height":"","_coblocks_accordion_ie_support":"","inline_featured_image":false,"pgc_sgb_lightbox_settings":"","footnotes":""},"class_list":["post-10905","page","type-page","status-publish","hentry"],"yoast_head":"<!-- This site is optimized with the Yoast SEO plugin v25.1 - https:\/\/yoast.com\/wordpress\/plugins\/seo\/ -->\n<title>Mapa del Sitio Comfaputumayo.com - COMFAMILIAR PUTUMAYO<\/title>\n<meta name=\"robots\" content=\"index, follow, max-snippet:-1, max-image-preview:large, max-video-preview:-1\" \/>\n<link rel=\"canonical\" href=\"https:\/\/comfaputumayo.com\/demo1\/mapa-del-sitio-comfaputumayo-com\/\" \/>\n<meta property=\"og:locale\" content=\"es_ES\" \/>\n<meta property=\"og:type\" content=\"article\" \/>\n<meta property=\"og:title\" content=\"Mapa del Sitio Comfaputumayo.com - COMFAMILIAR PUTUMAYO\" \/>\n<meta property=\"og:url\" content=\"https:\/\/comfaputumayo.com\/demo1\/mapa-del-sitio-comfaputumayo-com\/\" \/>\n<meta property=\"og:site_name\" content=\"COMFAMILIAR PUTUMAYO\" \/>\n<meta property=\"article:publisher\" content=\"https:\/\/www.facebook.com\/Comfaputumayo\/\" \/>\n<meta property=\"article:modified_time\" content=\"2022-10-27T13:40:56+00:00\" \/>\n<meta name=\"twitter:card\" content=\"summary_large_image\" \/>\n<script type=\"application\/ld+json\" class=\"yoast-schema-graph\">{\"@context\":\"https:\/\/schema.org\",\"@graph\":[{\"@type\":\"WebPage\",\"@id\":\"https:\/\/comfaputumayo.com\/demo1\/mapa-del-sitio-comfaputumayo-com\/\",\"url\":\"https:\/\/comfaputumayo.com\/demo1\/mapa-del-sitio-comfaputumayo-com\/\",\"name\":\"Mapa del Sitio Comfaputumayo.com - COMFAMILIAR PUTUMAYO\",\"isPartOf\":{\"@id\":\"https:\/\/comfaputumayo.com\/demo1\/#website\"},\"datePublished\":\"2022-10-27T13:40:53+00:00\",\"dateModified\":\"2022-10-27T13:40:56+00:00\",\"breadcrumb\":{\"@id\":\"https:\/\/comfaputumayo.com\/demo1\/mapa-del-sitio-comfaputumayo-com\/#breadcrumb\"},\"inLanguage\":\"es\",\"potentialAction\":[{\"@type\":\"ReadAction\",\"target\":[\"https:\/\/comfaputumayo.com\/demo1\/mapa-del-sitio-comfaputumayo-com\/\"]}]},{\"@type\":\"BreadcrumbList\",\"@id\":\"https:\/\/comfaputumayo.com\/demo1\/mapa-del-sitio-comfaputumayo-com\/#breadcrumb\",\"itemListElement\":[{\"@type\":\"ListItem\",\"position\":1,\"name\":\"Portada\",\"item\":\"https:\/\/comfaputumayo.com\/demo1\/\"},{\"@type\":\"ListItem\",\"position\":2,\"name\":\"Mapa del Sitio Comfaputumayo.com\"}]},{\"@type\":\"WebSite\",\"@id\":\"https:\/\/comfaputumayo.com\/demo1\/#website\",\"url\":\"https:\/\/comfaputumayo.com\/demo1\/\",\"name\":\"COMFAMILIAR PUTUMAYO\",\"description\":\"Tu Bienestar es Nuestra Prioridad.\",\"publisher\":{\"@id\":\"https:\/\/comfaputumayo.com\/demo1\/#organization\"},\"potentialAction\":[{\"@type\":\"SearchAction\",\"target\":{\"@type\":\"EntryPoint\",\"urlTemplate\":\"https:\/\/comfaputumayo.com\/demo1\/?s={search_term_string}\"},\"query-input\":{\"@type\":\"PropertyValueSpecification\",\"valueRequired\":true,\"valueName\":\"search_term_string\"}}],\"inLanguage\":\"es\"},{\"@type\":\"Organization\",\"@id\":\"https:\/\/comfaputumayo.com\/demo1\/#organization\",\"name\":\"COMFAMILIAR PUTUMAYO\",\"url\":\"https:\/\/comfaputumayo.com\/demo1\/\",\"logo\":{\"@type\":\"ImageObject\",\"inLanguage\":\"es\",\"@id\":\"https:\/\/comfaputumayo.com\/demo1\/#\/schema\/logo\/image\/\",\"url\":\"https:\/\/comfaputumayo.com\/demo1\/wp-content\/uploads\/2021\/01\/LogoComfaputumayoPNG.png\",\"contentUrl\":\"https:\/\/comfaputumayo.com\/demo1\/wp-content\/uploads\/2021\/01\/LogoComfaputumayoPNG.png\",\"width\":2771,\"height\":877,\"caption\":\"COMFAMILIAR PUTUMAYO\"},\"image\":{\"@id\":\"https:\/\/comfaputumayo.com\/demo1\/#\/schema\/logo\/image\/\"},\"sameAs\":[\"https:\/\/www.facebook.com\/Comfaputumayo\/\",\"https:\/\/www.instagram.com\/comfaputumayo\/\"]}]}<\/script>\n<!-- \/ Yoast SEO plugin. -->","yoast_head_json":{"title":"Mapa del Sitio Comfaputumayo.com - COMFAMILIAR PUTUMAYO","robots":{"index":"index","follow":"follow","max-snippet":"max-snippet:-1","max-image-preview":"max-image-preview:large","max-video-preview":"max-video-preview:-1"},"canonical":"https:\/\/comfaputumayo.com\/demo1\/mapa-del-sitio-comfaputumayo-com\/","og_locale":"es_ES","og_type":"article","og_title":"Mapa del Sitio Comfaputumayo.com - COMFAMILIAR PUTUMAYO","og_url":"https:\/\/comfaputumayo.com\/demo1\/mapa-del-sitio-comfaputumayo-com\/","og_site_name":"COMFAMILIAR PUTUMAYO","article_publisher":"https:\/\/www.facebook.com\/Comfaputumayo\/","article_modified_time":"2022-10-27T13:40:56+00:00","twitter_card":"summary_large_image","schema":{"@context":"https:\/\/schema.org","@graph":[{"@type":"WebPage","@id":"https:\/\/comfaputumayo.com\/demo1\/mapa-del-sitio-comfaputumayo-com\/","url":"https:\/\/comfaputumayo.com\/demo1\/mapa-del-sitio-comfaputumayo-com\/","name":"Mapa del Sitio Comfaputumayo.com - COMFAMILIAR PUTUMAYO","isPartOf":{"@id":"https:\/\/comfaputumayo.com\/demo1\/#website"},"datePublished":"2022-10-27T13:40:53+00:00","dateModified":"2022-10-27T13:40:56+00:00","breadcrumb":{"@id":"https:\/\/comfaputumayo.com\/demo1\/mapa-del-sitio-comfaputumayo-com\/#breadcrumb"},"inLanguage":"es","potentialAction":[{"@type":"ReadAction","target":["https:\/\/comfaputumayo.com\/demo1\/mapa-del-sitio-comfaputumayo-com\/"]}]},{"@type":"BreadcrumbList","@id":"https:\/\/comfaputumayo.com\/demo1\/mapa-del-sitio-comfaputumayo-com\/#breadcrumb","itemListElement":[{"@type":"ListItem","position":1,"name":"Portada","item":"https:\/\/comfaputumayo.com\/demo1\/"},{"@type":"ListItem","position":2,"name":"Mapa del Sitio Comfaputumayo.com"}]},{"@type":"WebSite","@id":"https:\/\/comfaputumayo.com\/demo1\/#website","url":"https:\/\/comfaputumayo.com\/demo1\/","name":"COMFAMILIAR PUTUMAYO","description":"Tu Bienestar es Nuestra Prioridad.","publisher":{"@id":"https:\/\/comfaputumayo.com\/demo1\/#organization"},"potentialAction":[{"@type":"SearchAction","target":{"@type":"EntryPoint","urlTemplate":"https:\/\/comfaputumayo.com\/demo1\/?s={search_term_string}"},"query-input":{"@type":"PropertyValueSpecification","valueRequired":true,"valueName":"search_term_string"}}],"inLanguage":"es"},{"@type":"Organization","@id":"https:\/\/comfaputumayo.com\/demo1\/#organization","name":"COMFAMILIAR PUTUMAYO","url":"https:\/\/comfaputumayo.com\/demo1\/","logo":{"@type":"ImageObject","inLanguage":"es","@id":"https:\/\/comfaputumayo.com\/demo1\/#\/schema\/logo\/image\/","url":"https:\/\/comfaputumayo.com\/demo1\/wp-content\/uploads\/2021\/01\/LogoComfaputumayoPNG.png","contentUrl":"https:\/\/comfaputumayo.com\/demo1\/wp-content\/uploads\/2021\/01\/LogoComfaputumayoPNG.png","width":2771,"height":877,"caption":"COMFAMILIAR PUTUMAYO"},"image":{"@id":"https:\/\/comfaputumayo.com\/demo1\/#\/schema\/logo\/image\/"},"sameAs":["https:\/\/www.facebook.com\/Comfaputumayo\/","https:\/\/www.instagram.com\/comfaputumayo\/"]}]}},"_links":{"self":[{"href":"https:\/\/comfaputumayo.com\/demo1\/wp-json\/wp\/v2\/pages\/10905"}],"collection":[{"href":"https:\/\/comfaputumayo.com\/demo1\/wp-json\/wp\/v2\/pages"}],"about":[{"href":"https:\/\/comfaputumayo.com\/demo1\/wp-json\/wp\/v2\/types\/page"}],"author":[{"embeddable":true,"href":"https:\/\/comfaputumayo.com\/demo1\/wp-json\/wp\/v2\/users\/1"}],"replies":[{"embeddable":true,"href":"https:\/\/comfaputumayo.com\/demo1\/wp-json\/wp\/v2\/comments?post=10905"}],"version-history":[{"count":1,"href":"https:\/\/comfaputumayo.com\/demo1\/wp-json\/wp\/v2\/pages\/10905\/revisions"}],"predecessor-version":[{"id":10906,"href":"https:\/\/comfaputumayo.com\/demo1\/wp-json\/wp\/v2\/pages\/10905\/revisions\/10906"}],"wp:attachment":[{"href":"https:\/\/comfaputumayo.com\/demo1\/wp-json\/wp\/v2\/media?parent=10905"}],"curies":[{"name":"wp","href":"https:\/\/api.w.org\/{rel}","templated":true}]}}