{"id":3429,"date":"2021-03-06T13:42:48","date_gmt":"2021-03-06T13:42:48","guid":{"rendered":"http:\/\/comfaputumayo.com\/demo1\/?page_id=3429"},"modified":"2022-03-26T05:44:16","modified_gmt":"2022-03-26T05:44:16","slug":"transparencia-2","status":"publish","type":"page","link":"https:\/\/comfaputumayo.com\/demo1\/transparencia-2\/","title":{"rendered":"TRANSPARENCIA PASIVA"},"content":{"rendered":"<p>TRANSPARENCIA PASIVA<br \/>\n<noscript><br \/>\n<\/noscript><br \/>\n<!-- close .eael-fancy-text-container --><br \/>\n<a data-text=\"Go!\"><br \/>\nMedios de seguimiento para la consulta del estado de las solicitudes de informaci\u00f3n p\u00fablica<br \/>\n<\/a><br \/>\n<a href=\"http:\/\/comfaputumayo.com\/css\/descargas\/11.1.pdf\" data-text=\"Go!\"><br \/>\nEn la recepci\u00f3n de solicitudes de informaci\u00f3n p\u00fablica los sujetos obligados deben indicar al solicitante los medios por los cuales se puede hacer seguimiento a la misma mediante el n\u00famero o c\u00f3digo de seguimiento asignado<br \/>\n<\/a><br \/>\n<a href=\"http:\/\/comfaputumayo.com\/demo1\/solicitud-de-informacion-publica\/\" data-text=\"Go!\"><br \/>\nFormulario para la recepci\u00f3n de solicitudes de informaci\u00f3n p\u00fablica.<br \/>\n<\/a><\/p>\n<h2>FORMATOS AFILIACI\u00d3N<\/h2>\n<p><a href=\"http:\/\/comfaputumayo.com\/demo1\/wp-content\/uploads\/2021\/02\/afiliacionempresas.pdf\"><br \/>\n<img loading=\"lazy\" decoding=\"async\" width=\"800\" height=\"224\" src=\"http:\/\/comfaputumayo.com\/demo1\/wp-content\/uploads\/2021\/03\/AFILIACION-EMPRESAS-1024x287.png\" alt=\"\" loading=\"lazy\" srcset=\"http:\/\/comfaputumayo.com\/demo1\/wp-content\/uploads\/2021\/03\/AFILIACION-EMPRESAS-1024x287.png 1024w, http:\/\/comfaputumayo.com\/demo1\/wp-content\/uploads\/2021\/03\/AFILIACION-EMPRESAS-300x84.png 300w, http:\/\/comfaputumayo.com\/demo1\/wp-content\/uploads\/2021\/03\/AFILIACION-EMPRESAS-768x215.png 768w, http:\/\/comfaputumayo.com\/demo1\/wp-content\/uploads\/2021\/03\/AFILIACION-EMPRESAS.png 1389w\" sizes=\"(max-width: 800px) 100vw, 800px\">\t\t\t\t\t\t\t\t<\/a><br \/>\n<a href=\"http:\/\/comfaputumayo.com\/demo1\/wp-content\/uploads\/2021\/02\/ASF11FormulariodeAfiliacion18.pdf\"><br \/>\n<img loading=\"lazy\" decoding=\"async\" width=\"800\" height=\"224\" src=\"http:\/\/comfaputumayo.com\/demo1\/wp-content\/uploads\/2021\/03\/AFILIACION-TRABAJADORES-1024x287.png\" alt=\"\" loading=\"lazy\" srcset=\"http:\/\/comfaputumayo.com\/demo1\/wp-content\/uploads\/2021\/03\/AFILIACION-TRABAJADORES-1024x287.png 1024w, http:\/\/comfaputumayo.com\/demo1\/wp-content\/uploads\/2021\/03\/AFILIACION-TRABAJADORES-300x84.png 300w, http:\/\/comfaputumayo.com\/demo1\/wp-content\/uploads\/2021\/03\/AFILIACION-TRABAJADORES-768x215.png 768w, http:\/\/comfaputumayo.com\/demo1\/wp-content\/uploads\/2021\/03\/AFILIACION-TRABAJADORES.png 1389w\" sizes=\"(max-width: 800px) 100vw, 800px\">\t\t\t\t\t\t\t\t<\/a><\/p>\n<p style=\"text-align: center;\"><a href=\"https:\/\/www.enlace-apb.com\/interssi\/.plus\"><img decoding=\"async\" src=\"http:\/\/comfaputumayo.com\/demo1\/wp-content\/uploads\/2021\/02\/ASOPAGOS-2-300x166.png\" alt=\"\" width=\"157\" height=\"87\"><\/a><\/p>\n<p><a href=\"https:\/\/www.serviciodeempleo.gov.co\/\"><img decoding=\"async\" src=\"http:\/\/comfaputumayo.com\/demo1\/wp-content\/uploads\/2021\/02\/logo-spe-para-fondo-blanco-300x136.png\" alt=\"\" width=\"158\" height=\"72\"><\/a><\/p>\n<p><a href=\"https:\/\/www.asocajas.org.co\/\"><img decoding=\"async\" src=\"http:\/\/comfaputumayo.com\/demo1\/wp-content\/uploads\/2021\/02\/asocajas-300x96.png\" alt=\"\" width=\"157\" height=\"50\"><\/a><\/p>\n<p><a href=\"https:\/\/www.ssf.gov.co\/\"><img loading=\"lazy\" decoding=\"async\" src=\"http:\/\/comfaputumayo.com\/demo1\/wp-content\/uploads\/2021\/02\/iSuperSubsidio-300x120.png\" alt=\"\" width=\"157\" height=\"63\"><\/a><\/p>\n<p><a href=\"http:\/\/wsp.presidencia.gov.co\/portal\/Paginas\/default1.aspx\"><img loading=\"lazy\" decoding=\"async\" src=\"http:\/\/comfaputumayo.com\/demo1\/wp-content\/uploads\/2021\/02\/logo-gobierno-web-300x63.png\" alt=\"\" width=\"157\" height=\"33\"><\/a><\/p>\n<p><a href=\"javascript:void(0)\"><br \/>\n<!--  --><br \/>\n<!--  --><br \/>\nENL\u00c1CES DE INTER\u00c9S<br \/>\nCERRAR<br \/>\n<\/a><br \/>\n<a href=\"http:\/\/comfaputumayo.com\/demo1\/subsidio\/\"><br \/>\n<img loading=\"lazy\" decoding=\"async\" width=\"484\" height=\"656\" src=\"http:\/\/comfaputumayo.com\/demo1\/wp-content\/uploads\/2021\/03\/version-vertical-post.png\" alt=\"\" loading=\"lazy\" srcset=\"http:\/\/comfaputumayo.com\/demo1\/wp-content\/uploads\/2021\/03\/version-vertical-post.png 484w, http:\/\/comfaputumayo.com\/demo1\/wp-content\/uploads\/2021\/03\/version-vertical-post-221x300.png 221w\" sizes=\"(max-width: 484px) 100vw, 484px\">\t\t\t\t\t\t\t\t<\/a><br \/>\n<a href=\"http:\/\/comfaputumayo.com\/demo1\/transparencia\/\" role=\"button\"><br \/>\nTRANSPARENCIA<br \/>\n<\/a><\/p>\n","protected":false},"excerpt":{"rendered":"<p>TRANSPARENCIA PASIVA Medios de seguimiento para la consulta del estado de las solicitudes de informaci\u00f3n p\u00fablica En la recepci\u00f3n de solicitudes de informaci\u00f3n p\u00fablica los sujetos obligados deben indicar al solicitante los medios por los cuales se puede hacer seguimiento a la misma mediante el n\u00famero o c\u00f3digo de seguimiento asignado Formulario para la recepci\u00f3n de solicitudes de informaci\u00f3n p\u00fablica. FORMATOS AFILIACI\u00d3N ENL\u00c1CES DE INTER\u00c9S CERRAR TRANSPARENCIA<\/p>\n","protected":false},"author":1,"featured_media":0,"parent":0,"menu_order":0,"comment_status":"closed","ping_status":"closed","template":"","meta":{"_coblocks_attr":"","_coblocks_dimensions":"","_coblocks_responsive_height":"","_coblocks_accordion_ie_support":"","inline_featured_image":false,"pgc_sgb_lightbox_settings":"","footnotes":""},"class_list":["post-3429","page","type-page","status-publish","hentry"],"yoast_head":"<!-- This site is optimized with the Yoast SEO plugin v25.1 - https:\/\/yoast.com\/wordpress\/plugins\/seo\/ -->\n<title>TRANSPARENCIA PASIVA - COMFAMILIAR PUTUMAYO<\/title>\n<meta name=\"robots\" content=\"index, follow, max-snippet:-1, max-image-preview:large, max-video-preview:-1\" \/>\n<link rel=\"canonical\" href=\"https:\/\/comfaputumayo.com\/demo1\/transparencia-2\/\" \/>\n<meta property=\"og:locale\" content=\"es_ES\" \/>\n<meta property=\"og:type\" content=\"article\" \/>\n<meta property=\"og:title\" content=\"TRANSPARENCIA PASIVA - COMFAMILIAR PUTUMAYO\" \/>\n<meta property=\"og:description\" content=\"TRANSPARENCIA PASIVA Medios de seguimiento para la consulta del estado de las solicitudes de informaci\u00f3n p\u00fablica En la recepci\u00f3n de solicitudes de informaci\u00f3n p\u00fablica los sujetos obligados deben indicar al solicitante los medios por los cuales se puede hacer seguimiento a la misma mediante el n\u00famero o c\u00f3digo de seguimiento asignado Formulario para la recepci\u00f3n de solicitudes de informaci\u00f3n p\u00fablica. FORMATOS AFILIACI\u00d3N ENL\u00c1CES DE INTER\u00c9S CERRAR TRANSPARENCIA\" \/>\n<meta property=\"og:url\" content=\"https:\/\/comfaputumayo.com\/demo1\/transparencia-2\/\" \/>\n<meta property=\"og:site_name\" content=\"COMFAMILIAR PUTUMAYO\" \/>\n<meta property=\"article:publisher\" content=\"https:\/\/www.facebook.com\/Comfaputumayo\/\" \/>\n<meta property=\"article:modified_time\" content=\"2022-03-26T05:44:16+00:00\" \/>\n<meta property=\"og:image\" content=\"http:\/\/comfaputumayo.com\/demo1\/wp-content\/uploads\/2021\/03\/AFILIACION-EMPRESAS-1024x287.png\" \/>\n<meta name=\"twitter:card\" content=\"summary_large_image\" \/>\n<script type=\"application\/ld+json\" class=\"yoast-schema-graph\">{\"@context\":\"https:\/\/schema.org\",\"@graph\":[{\"@type\":\"WebPage\",\"@id\":\"https:\/\/comfaputumayo.com\/demo1\/transparencia-2\/\",\"url\":\"https:\/\/comfaputumayo.com\/demo1\/transparencia-2\/\",\"name\":\"TRANSPARENCIA PASIVA - COMFAMILIAR PUTUMAYO\",\"isPartOf\":{\"@id\":\"https:\/\/comfaputumayo.com\/demo1\/#website\"},\"primaryImageOfPage\":{\"@id\":\"https:\/\/comfaputumayo.com\/demo1\/transparencia-2\/#primaryimage\"},\"image\":{\"@id\":\"https:\/\/comfaputumayo.com\/demo1\/transparencia-2\/#primaryimage\"},\"thumbnailUrl\":\"http:\/\/comfaputumayo.com\/demo1\/wp-content\/uploads\/2021\/03\/AFILIACION-EMPRESAS-1024x287.png\",\"datePublished\":\"2021-03-06T13:42:48+00:00\",\"dateModified\":\"2022-03-26T05:44:16+00:00\",\"breadcrumb\":{\"@id\":\"https:\/\/comfaputumayo.com\/demo1\/transparencia-2\/#breadcrumb\"},\"inLanguage\":\"es\",\"potentialAction\":[{\"@type\":\"ReadAction\",\"target\":[\"https:\/\/comfaputumayo.com\/demo1\/transparencia-2\/\"]}]},{\"@type\":\"ImageObject\",\"inLanguage\":\"es\",\"@id\":\"https:\/\/comfaputumayo.com\/demo1\/transparencia-2\/#primaryimage\",\"url\":\"http:\/\/comfaputumayo.com\/demo1\/wp-content\/uploads\/2021\/03\/AFILIACION-EMPRESAS-1024x287.png\",\"contentUrl\":\"http:\/\/comfaputumayo.com\/demo1\/wp-content\/uploads\/2021\/03\/AFILIACION-EMPRESAS-1024x287.png\"},{\"@type\":\"BreadcrumbList\",\"@id\":\"https:\/\/comfaputumayo.com\/demo1\/transparencia-2\/#breadcrumb\",\"itemListElement\":[{\"@type\":\"ListItem\",\"position\":1,\"name\":\"Portada\",\"item\":\"https:\/\/comfaputumayo.com\/demo1\/\"},{\"@type\":\"ListItem\",\"position\":2,\"name\":\"TRANSPARENCIA PASIVA\"}]},{\"@type\":\"WebSite\",\"@id\":\"https:\/\/comfaputumayo.com\/demo1\/#website\",\"url\":\"https:\/\/comfaputumayo.com\/demo1\/\",\"name\":\"COMFAMILIAR PUTUMAYO\",\"description\":\"Tu Bienestar es Nuestra Prioridad.\",\"publisher\":{\"@id\":\"https:\/\/comfaputumayo.com\/demo1\/#organization\"},\"potentialAction\":[{\"@type\":\"SearchAction\",\"target\":{\"@type\":\"EntryPoint\",\"urlTemplate\":\"https:\/\/comfaputumayo.com\/demo1\/?s={search_term_string}\"},\"query-input\":{\"@type\":\"PropertyValueSpecification\",\"valueRequired\":true,\"valueName\":\"search_term_string\"}}],\"inLanguage\":\"es\"},{\"@type\":\"Organization\",\"@id\":\"https:\/\/comfaputumayo.com\/demo1\/#organization\",\"name\":\"COMFAMILIAR PUTUMAYO\",\"url\":\"https:\/\/comfaputumayo.com\/demo1\/\",\"logo\":{\"@type\":\"ImageObject\",\"inLanguage\":\"es\",\"@id\":\"https:\/\/comfaputumayo.com\/demo1\/#\/schema\/logo\/image\/\",\"url\":\"https:\/\/comfaputumayo.com\/demo1\/wp-content\/uploads\/2021\/01\/LogoComfaputumayoPNG.png\",\"contentUrl\":\"https:\/\/comfaputumayo.com\/demo1\/wp-content\/uploads\/2021\/01\/LogoComfaputumayoPNG.png\",\"width\":2771,\"height\":877,\"caption\":\"COMFAMILIAR PUTUMAYO\"},\"image\":{\"@id\":\"https:\/\/comfaputumayo.com\/demo1\/#\/schema\/logo\/image\/\"},\"sameAs\":[\"https:\/\/www.facebook.com\/Comfaputumayo\/\",\"https:\/\/www.instagram.com\/comfaputumayo\/\"]}]}<\/script>\n<!-- \/ Yoast SEO plugin. -->","yoast_head_json":{"title":"TRANSPARENCIA PASIVA - COMFAMILIAR PUTUMAYO","robots":{"index":"index","follow":"follow","max-snippet":"max-snippet:-1","max-image-preview":"max-image-preview:large","max-video-preview":"max-video-preview:-1"},"canonical":"https:\/\/comfaputumayo.com\/demo1\/transparencia-2\/","og_locale":"es_ES","og_type":"article","og_title":"TRANSPARENCIA PASIVA - COMFAMILIAR PUTUMAYO","og_description":"TRANSPARENCIA PASIVA Medios de seguimiento para la consulta del estado de las solicitudes de informaci\u00f3n p\u00fablica En la recepci\u00f3n de solicitudes de informaci\u00f3n p\u00fablica los sujetos obligados deben indicar al solicitante los medios por los cuales se puede hacer seguimiento a la misma mediante el n\u00famero o c\u00f3digo de seguimiento asignado Formulario para la recepci\u00f3n de solicitudes de informaci\u00f3n p\u00fablica. FORMATOS AFILIACI\u00d3N ENL\u00c1CES DE INTER\u00c9S CERRAR TRANSPARENCIA","og_url":"https:\/\/comfaputumayo.com\/demo1\/transparencia-2\/","og_site_name":"COMFAMILIAR PUTUMAYO","article_publisher":"https:\/\/www.facebook.com\/Comfaputumayo\/","article_modified_time":"2022-03-26T05:44:16+00:00","og_image":[{"url":"http:\/\/comfaputumayo.com\/demo1\/wp-content\/uploads\/2021\/03\/AFILIACION-EMPRESAS-1024x287.png","type":"","width":"","height":""}],"twitter_card":"summary_large_image","schema":{"@context":"https:\/\/schema.org","@graph":[{"@type":"WebPage","@id":"https:\/\/comfaputumayo.com\/demo1\/transparencia-2\/","url":"https:\/\/comfaputumayo.com\/demo1\/transparencia-2\/","name":"TRANSPARENCIA PASIVA - COMFAMILIAR PUTUMAYO","isPartOf":{"@id":"https:\/\/comfaputumayo.com\/demo1\/#website"},"primaryImageOfPage":{"@id":"https:\/\/comfaputumayo.com\/demo1\/transparencia-2\/#primaryimage"},"image":{"@id":"https:\/\/comfaputumayo.com\/demo1\/transparencia-2\/#primaryimage"},"thumbnailUrl":"http:\/\/comfaputumayo.com\/demo1\/wp-content\/uploads\/2021\/03\/AFILIACION-EMPRESAS-1024x287.png","datePublished":"2021-03-06T13:42:48+00:00","dateModified":"2022-03-26T05:44:16+00:00","breadcrumb":{"@id":"https:\/\/comfaputumayo.com\/demo1\/transparencia-2\/#breadcrumb"},"inLanguage":"es","potentialAction":[{"@type":"ReadAction","target":["https:\/\/comfaputumayo.com\/demo1\/transparencia-2\/"]}]},{"@type":"ImageObject","inLanguage":"es","@id":"https:\/\/comfaputumayo.com\/demo1\/transparencia-2\/#primaryimage","url":"http:\/\/comfaputumayo.com\/demo1\/wp-content\/uploads\/2021\/03\/AFILIACION-EMPRESAS-1024x287.png","contentUrl":"http:\/\/comfaputumayo.com\/demo1\/wp-content\/uploads\/2021\/03\/AFILIACION-EMPRESAS-1024x287.png"},{"@type":"BreadcrumbList","@id":"https:\/\/comfaputumayo.com\/demo1\/transparencia-2\/#breadcrumb","itemListElement":[{"@type":"ListItem","position":1,"name":"Portada","item":"https:\/\/comfaputumayo.com\/demo1\/"},{"@type":"ListItem","position":2,"name":"TRANSPARENCIA PASIVA"}]},{"@type":"WebSite","@id":"https:\/\/comfaputumayo.com\/demo1\/#website","url":"https:\/\/comfaputumayo.com\/demo1\/","name":"COMFAMILIAR PUTUMAYO","description":"Tu Bienestar es Nuestra Prioridad.","publisher":{"@id":"https:\/\/comfaputumayo.com\/demo1\/#organization"},"potentialAction":[{"@type":"SearchAction","target":{"@type":"EntryPoint","urlTemplate":"https:\/\/comfaputumayo.com\/demo1\/?s={search_term_string}"},"query-input":{"@type":"PropertyValueSpecification","valueRequired":true,"valueName":"search_term_string"}}],"inLanguage":"es"},{"@type":"Organization","@id":"https:\/\/comfaputumayo.com\/demo1\/#organization","name":"COMFAMILIAR PUTUMAYO","url":"https:\/\/comfaputumayo.com\/demo1\/","logo":{"@type":"ImageObject","inLanguage":"es","@id":"https:\/\/comfaputumayo.com\/demo1\/#\/schema\/logo\/image\/","url":"https:\/\/comfaputumayo.com\/demo1\/wp-content\/uploads\/2021\/01\/LogoComfaputumayoPNG.png","contentUrl":"https:\/\/comfaputumayo.com\/demo1\/wp-content\/uploads\/2021\/01\/LogoComfaputumayoPNG.png","width":2771,"height":877,"caption":"COMFAMILIAR PUTUMAYO"},"image":{"@id":"https:\/\/comfaputumayo.com\/demo1\/#\/schema\/logo\/image\/"},"sameAs":["https:\/\/www.facebook.com\/Comfaputumayo\/","https:\/\/www.instagram.com\/comfaputumayo\/"]}]}},"_links":{"self":[{"href":"https:\/\/comfaputumayo.com\/demo1\/wp-json\/wp\/v2\/pages\/3429"}],"collection":[{"href":"https:\/\/comfaputumayo.com\/demo1\/wp-json\/wp\/v2\/pages"}],"about":[{"href":"https:\/\/comfaputumayo.com\/demo1\/wp-json\/wp\/v2\/types\/page"}],"author":[{"embeddable":true,"href":"https:\/\/comfaputumayo.com\/demo1\/wp-json\/wp\/v2\/users\/1"}],"replies":[{"embeddable":true,"href":"https:\/\/comfaputumayo.com\/demo1\/wp-json\/wp\/v2\/comments?post=3429"}],"version-history":[{"count":16,"href":"https:\/\/comfaputumayo.com\/demo1\/wp-json\/wp\/v2\/pages\/3429\/revisions"}],"predecessor-version":[{"id":10076,"href":"https:\/\/comfaputumayo.com\/demo1\/wp-json\/wp\/v2\/pages\/3429\/revisions\/10076"}],"wp:attachment":[{"href":"https:\/\/comfaputumayo.com\/demo1\/wp-json\/wp\/v2\/media?parent=3429"}],"curies":[{"name":"wp","href":"https:\/\/api.w.org\/{rel}","templated":true}]}}